 368. Calculate the remainder when v is divided by c.
6
Let g(h) = 10*h - 372. Calculate the remainder when (1 + (-20)/(-6))*12 is divided by g(39).
16
Let z be (2/(-1) - -2)*15/(-15). Suppose 5*g - k - 20 - 90 = z, 5*k + 46 = g. What is the remainder when g is divided by 8?
5
Let h(a) = -a - 9. Let r be h(9). Let l = r + 35. Let k = l - 12. Calculate the remainder when 13 is divided by k.
3
Suppose 4*l = -3*x + 12, 5*x - 4*l - 36 = 2*x. Let q(f) = 2*f**2 - 39*f + 22. What is the remainder when x is divided by q(19)?
2
Let i(g) = -g**3 - 8*g**2 - 7*g + 2. Let z be i(-7). Suppose q + 4 = n - 5, 5*n = z*q + 51. What is the remainder when 42 is divided by n?
9
Suppose 2*m - 15 = -m. Suppose -3*y - 15 = 0, 278*y - 33 = -2*u + 273*y. What is the remainder when u is divided by m?
4
What is the remainder when 75 is divided by (-3)/(45/(-190)) - 1/(-3)?
10
Let x = 60 + -13. Calculate the remainder when 87 is divided by x.
40
Suppose -10 + 26 = 4*z. Let p(r) = -4*r + 93. Let q be p(24). What is the remainder when 5 is divided by 1 - 4/z*q?
1
Let i = 10 - 6. Let m(d) = d + 7. Let v = 33 - 14. What is the remainder when v is divided by m(i)?
8
Let b be (-48)/(-64) + (-714)/(-8). Suppose 3*i + 3*z - b = 0, 2*z - 32 = -4*i + 3*i. Calculate the remainder when i is divided by 8.
4
Let x(u) = -22*u - 10. What is the remainder when 130 is divided by x(-2)?
28
Suppose 0 = 4*g - 20, 3*g = 2*y + 30 + 31. Let v = 47 + y. What is the remainder when 50 - 2 - (0 + 1) is divided by v?
23
Suppose -t + 55 - 1 = 5*a, 0 = -2*t + 8. Let i = a - 6. What is the remainder when 5*(-1*2)/(-1) is divided by i?
2
Suppose 0 = -42*x + 36*x + 72. What is the remainder when 41 is divided by x?
5
Let s be 10*((-27)/(-6) - 4). Suppose 0 = -0*n + 2*n - s*c + 9, 0 = -4*n - 5*c + 27. Calculate the remainder when (-1140)/(-16) + n/(-12) is divided by 18.
17
Let v = -223 - -228. What is the remainder when 21 is divided by v?
1
Let a = 1 + 5. Suppose 5*x + 294 = 4*i, i + x + 378 = a*i. What is the remainder when i is divided by 13?
11
Let b = 751 - 715. Calculate the remainder when 250 is divided by b.
34
Suppose 27 - 63 = -5*n - 3*v, n - 2 = 2*v. Let x = 2426 + -2412. Calculate the remainder when x is divided by n.
2
Let g = 70 + 2. Let k = 20 + 5. Calculate the remainder when g is divided by k.
22
Suppose 6 = -2*t + 26. Let m(k) be the first derivative of -k**3/3 + 5*k**2 + 2*k - 6. What is the remainder when m(8) is divided by t?
8
Calculate the remainder when 466 is divided by ((-9)/(-6))/(63/2478).
53
Suppose -585 = 178*u - 187*u. What is the remainder when u is divided by 24?
17
Suppose 284 = -0*m - 4*m. Let r = m - -123. What is the remainder when r is divided by 5?
2
Calculate the remainder when (-1)/(-4) + (-5470)/(-40) is divided by 23.
22
Let w(k) = -k**2 + 13*k + 5. Let m(z) = -3*z + 3. Let g be m(-9). Let j = g + -20. What is the remainder when w(j) is divided by 18?
17
Suppose -h + 275 = 2*i + 48, 5*h + 334 = 3*i. Suppose -108*v - 15 = -i*v. Calculate the remainder when 14 is divided by v.
2
Let j be ((-60)/9 - (-6)/9) + 0. Calculate the remainder when 11 is divided by ((-39)/j - 3)*2.
4
Let j(z) = -z**3 - 22*z**2 + 133*z - 46. Let w be (-2)/6 - (-4)/12. Suppose -44 = -2*q - w*q. What is the remainder when q is divided by j(-27)?
6
Suppose y + 4*r = 3*r + 46, -r = -3. What is the remainder when 85 is divided by y?
42
Let z(k) be the third derivative of 7*k**5/60 + k**4/12 - k**3 + 5*k**2. Calculate the remainder when 106 is divided by z(-2).
16
Let d = 355 + -287. Let s(q) be the third derivative of -q**4/6 - 3*q**3/2 + 2*q**2. Calculate the remainder when d is divided by s(-8).
22
Suppose -2*l - 5 = -59. Calculate the remainder when (-518)/(-63) + (-6)/l is divided by 3.
2
Suppose 4*y + 4 = -2*l + 18, -5*l = -5. Let c(k) = k**2 + 5*k - 4. What is the remainder when 119 is divided by c(y)?
19
What is the remainder when 230 is divided by (-3)/(19 + -21 + 98/52)?
22
Suppose -4*f + 4*z + 21 = -7, 3*f - 45 = -3*z. Suppose 0 = -5*g + 303 + 12. What is the remainder when g is divided by f?
8
Suppose 20 = 2*k + 2*k, 4*k - 24 = 2*r. Let d(u) = 11*u**2 + 3*u + 3. Calculate the remainder when d(r) is divided by 22.
19
Suppose 0 = -4*k - 4*n + 12 + 28, 3*n = -5*k + 42. Let z be -5*-8*3/(-30). Calculate the remainder when (-26)/z + (-6)/(-4) is divided by k.
2
Let r(c) = c**3 - 20*c**2 + 20*c - 15. Let q be r(19). Suppose i - 33 = -4*v, 2*i = -2*i + q. Calculate the remainder when 29 is divided by v.
5
Suppose 4*j + s = 4476, -5*s = 12*j - 7*j - 5580. Calculate the remainder when j is divided by 17.
15
Suppose 24*g - 5 = 1387. What is the remainder when g is divided by 21?
16
Calculate the remainder when 125 is divided by ((-6)/(-2) - -13) + 12/(-3).
5
Let m(k) = 2*k**2 + 6*k + 5. Let t be m(-3). Let o(h) = -7 - 3*h + 2 - 4 + t. What is the remainder when 26 is divided by o(-6)?
12
Calculate the remainder when (-6)/(-12)*254 + (1 - -4) is divided by 67.
65
Let a = 1509 - 1108. What is the remainder when a is divided by 34?
27
Let f = 44 - 11. Suppose -9*g = -11*g + 18. What is the remainder when f is divided by g?
6
Let f(v) = -v**3 + 16*v**2 - 23*v - 18. Calculate the remainder when 193 is divided by f(14).
37
Let k(z) = z**3 - 3*z**2 - 39*z + 8. Calculate the remainder when 190 is divided by k(8).
14
What is the remainder when (-6 - -257) + -1 + -1 is divided by 18?
15
Suppose -21 - 139 = 8*z. What is the remainder when (-4)/(-2)*(-50)/z is divided by 4?
1
Suppose -12*o + 6*o + 1296 = 0. What is the remainder when o is divided by 44?
40
Suppose -13*c - 21*c = -2210. What is the remainder when 126 is divided by c?
61
Suppose 4*f = -2*i + 42, -15*f = 5*i - 16*f - 160. Calculate the remainder when i is divided by 20.
11
Suppose -138 - 277 = -5*f. Let o = f + -36. What is the remainder when 93 is divided by o?
46
Let f be (-2)/(-1 + 1 + -1). Suppose f*a + 80 = 6*a. What is the remainder when a is divided by ((-3)/(-21))/1 - 152/(-14)?
9
Let t(f) = 5*f - 8. Let k = -72 - -97. Calculate the remainder when t(k) is divided by 15.
12
Suppose 11*z = 12*z - 14. Let x(a) = 14*a - 3. Calculate the remainder when x(3) is divided by z.
11
Let u(i) = -1. Let c(h) = -2*h + 8. Let x(j) = -c(j) - 5*u(j). What is the remainder when 7 is divided by x(4)?
2
Let t = -270 - -790. Calculate the remainder when t is divided by 75.
70
Let x(p) = p + 6. Let u be (30/9)/(2/6). Let h = 80 + -19. What is the remainder when h is divided by x(u)?
13
Let q = 229 + -196. Calculate the remainder when q is divided by 16.
1
Suppose -9*m = -46 - 35. Suppose -m - 18 = -3*f. What is the remainder when 61 is divided by f?
7
Suppose -72 = p - j + 4*j, 2*p - 3*j + 162 = 0. Let g = p - -98. What is the remainder when 57 is divided by g?
17
Let q(x) = -x**3 + 5*x**2 + 8*x - 8. Let d be q(6). Suppose m + d = 3*h, h - 10 = -3*m + 8. What is the remainder when (-66)/9*-3*h is divided by 17?
15
Let o = 3 - 0. Let k(v) = -39*v + 1. Let t(m) = -40*m + 1. Let f(p) = o*k(p) - 4*t(p). Calculate the remainder when f(1) is divided by 22.
20
Let l = -54 - -56. Suppose 4*q = -l*y + 38, 5*q - 2*q + 84 = 3*y. Suppose -i = -4*n - 77, 4*n + 0*n + 368 = 4*i. Calculate the remainder when i is divided by y.
22
Suppose -t - 19 = -h + 2*t, 0 = 5*h - t - 53. What is the remainder when (-3)/(-9) + (-112)/(-6) is divided by h?
9
Suppose 0*x - 2*x - 5*v = 7, -4*x = -v + 3. Let q = 82 - 78. What is the remainder when -1 - -14 - (1 - x) is divided by q?
3
Suppose 0 = -c + 154 - 58. Calculate the remainder when c is divided by 14.
12
Let t = 28 - 52. Let h = -21 - t. Suppose -2*b = -h*b + 2*i + 9, -4*i + 12 = 4*b. Calculate the remainder when 16 is divided by b.
1
Let h(w) = -w**2 + 39. Suppose g + 5*g + 704 = 788. Calculate the remainder when h(0) is divided by g.
11
Let n(s) = -s**2 + 26*s - 13. Suppose -7*m + 23 = -6*m. Calculate the remainder when n(m) is divided by 16.
8
Suppose 2*r - 3 = 5. Suppose -67 = -r*u + 81. What is the remainder when u is divided by (-460)/(-40) + (-10)/(-4)?
9
Let z(p) = p**3 - 38*p**2 - p + 62. What is the remainder when 232 is divided by z(38)?
16
Let m = 1065 - 218. What is the remainder when m is divided by 85?
82
Suppose 60 = 6*b - 5*b. Suppose -14*n + 10*n = -b. Calculate the remainder when 58 is divided by n.
13
Suppos